 462.
21
What is the highest common factor of 78 and 12584?
26
Calculate the highest common factor of 3 and 1584.
3
What is the highest common factor of 161 and 2944?
23
Calculate the greatest common divisor of 11 and 2827.
11
Calculate the highest common factor of 140 and 20755.
35
Calculate the highest common factor of 581 and 166.
83
Calculate the highest common divisor of 150 and 15.
15
Calculate the greatest common factor of 657 and 27.
9
Calculate the highest common factor of 4960 and 130.
10
What is the highest common divisor of 135 and 2100?
15
What is the highest common divisor of 4050 and 550?
50
What is the highest common factor of 44 and 10692?
44
What is the greatest common factor of 66 and 88?
22
What is the greatest common divisor of 1143 and 635?
127
What is the greatest common divisor of 420 and 780?
60
What is the highest common divisor of 82 and 2214?
82
Calculate the highest common divisor of 1060 and 420.
20
Calculate the greatest common factor of 22150 and 100.
50
Calculate the greatest common factor of 93 and 4929.
93
Calculate the highest common divisor of 10 and 670.
10
What is the highest common factor of 75 and 20400?
75
What is the highest common divisor of 1054 and 186?
62
What is the highest common factor of 2325 and 300?
75
Calculate the highest common divisor of 325 and 125.
25
What is the greatest common divisor of 19 and 551?
19
Calculate the highest common divisor of 812 and 70.
14
Calculate the highest common factor of 10 and 2940.
10
What is the greatest common divisor of 351 and 513?
27
Calculate the highest common factor of 110 and 33.
11
Calculate the greatest common divisor of 29 and 2291.
29
What is the greatest common factor of 292 and 108?
4
What is the greatest common factor of 14 and 3178?
14
What is the highest common factor of 18204 and 740?
148
Calculate the highest common divisor of 2575 and 103.
103
What is the greatest common factor of 14 and 4354?
14
Calculate the highest common factor of 955 and 5.
5
What is the highest common divisor of 84 and 1092?
84
What is the highest common divisor of 40 and 220?
20
What is the greatest common factor of 21 and 39?
3
What is the greatest common factor of 150 and 125?
25
What is the highest common divisor of 22 and 242?
22
Calculate the highest common divisor of 224 and 64.
32
What is the highest common factor of 143 and 11?
11
Calculate the highest common divisor of 273 and 77.
7
Calculate the highest common divisor of 708 and 4779.
177
Calculate the greatest common factor of 570 and 133.
19
Calculate the highest common divisor of 1120 and 480.
160
Calculate the greatest common factor of 2355 and 480.
15
What is the greatest common divisor of 432 and 162?
54
What is the highest common divisor of 143 and 88?
11
Calculate the greatest common divisor of 2852 and 372.
124
What is the highest common divisor of 4186 and 140?
14
Calculate the greatest common factor of 4 and 4520.
4
Calculate the highest common divisor of 969 and 51.
51
Calculate the highest common factor of 46 and 23.
23
What is the greatest common factor of 86 and 32?
2
What is the greatest common factor of 1406 and 148?
74
Calculate the greatest common factor of 1664 and 52.
52
Calculate the greatest common factor of 222 and 962.
74
Calculate the greatest common divisor of 26 and 286.
26
What is the greatest common divisor of 221 and 68?
17
Calculate the greatest common factor of 45 and 2200.
5
What is the greatest common factor of 30 and 534?
6
What is the highest common factor of 56 and 980?
28
Calculate the highest common factor of 5 and 1355.
5
Calculate the greatest common divisor of 963 and 18.
9
What is the greatest common divisor of 92 and 8188?
92
Calculate the highest common divisor of 28 and 322.
14
Calculate the greatest common divisor of 7 and 7273.
7
Calculate the greatest common divisor of 10030 and 170.
170
Calculate the greatest common divisor of 109 and 11227.
109
What is the highest common factor of 630 and 154?
14
What is the greatest common factor of 34 and 1?
1
Calculate the highest common divisor of 28 and 8.
4
Calculate the greatest common factor of 756 and 48.
12
What is the highest common divisor of 105 and 2400?
15
Calculate the highest common factor of 57 and 33.
3
Calculate the greatest common factor of 377 and 3625.
29
What is the highest common divisor of 80 and 7600?
80
What is the highest common factor of 335 and 115?
5
Calculate the highest common factor of 44 and 2222.
22
What is the greatest common factor of 1140 and 24?
12
Calculate the greatest common factor of 96 and 1168.
16
What is the greatest common divisor of 405 and 15?
15
What is the highest common factor of 162 and 78894?
162
Calculate the highest common factor of 1607 and 2.
1
What is the greatest common divisor of 3455 and 15?
5
What is the highest common factor of 11 and 11?
11
Calculate the greatest common divisor of 216 and 468.
36
What is the greatest common divisor of 80 and 150?
10
Calculate the highest common factor of 64 and 88.
8
What is the greatest common divisor of 52 and 169?
13
What is the greatest common divisor of 424 and 200?
8
Calculate the greatest common divisor of 558 and 1023.
93
What is the highest common factor of 2276 and 36?
4
What is the highest common divisor of 798 and 42?
42
Calculate the highest common factor of 790 and 10.
10
Calculate the greatest common factor of 116 and 290.
58
Calculate the greatest common factor of 3966 and 24.
6
What is the highest common divisor of 1328 and 176?
16
What is the greatest common factor of 1335 and 178?
89
Calculate the greatest common divisor of 378 and 45.
9
Calculate the greatest common divisor of 774 and 215.
43
Calculate the greatest common divisor of 219 and 2117.
73
Calculate the greatest common factor of 46940 and 20.
20
What is the highest common factor of 35680 and 160?
160
Calculate the highest common factor of 27790 and 350.
70
Calculate the greatest common factor of 3780 and 324.
108
Calculate the highest common factor of 854 and 14.
14
What is the greatest common factor of 1582 and 14?
14
Calculate the highest common divisor of 115 and 230.
115
What is the greatest common divisor of 6454 and 98?
14
What is the greatest common divisor of 18 and 9216?
18
Calculate the greatest common factor of 4395 and 75.
15
Calculate the highest common factor of 54 and 45.
9
What is the greatest common divisor of 56 and 8218?
14
Calculate the highest common factor of 8755 and 103.
103
What is the greatest common divisor of 451 and 82?
41
What is the greatest common divisor of 2871 and 2610?
261
What is the highest common factor of 2832 and 32?
16
What is the greatest common divisor of 22 and 3278?
22
What is the highest common divisor of 602 and 84?
14
Calculate the highest common divisor of 70 and 7350.
70
Calculate the greatest common divisor of 192 and 17328.
48
Calculate the greatest common factor of 5335 and 55.
55
Calculate the greatest common divisor of 75 and 30.
15
Calculate the greatest common divisor of 511 and 14.
7
Calculate the highest common factor of 2685 and 30.
15
What is the greatest common factor of 14 and 469?
7
What is the greatest common divisor of 12735 and 90?
45
Calculate the highest common factor of 102 and 3774.
102
What is the highest common divisor of 14 and 469?
7
What is the greatest common divisor of 113 and 116?
1
Calculate the greatest common divisor of 18 and 22662.
18
Calculate the greatest common divisor of 506 and 858.
22
What is the highest common factor of 171 and 228?
57
Calculate the highest common divisor of 45 and 3735.
45
Calculate the greatest common factor of 122 and 1891.
61
Calculate the highest common divisor of 33 and 39.
3
What is the highest common divisor of 11 and 44?
11
Calculate the highest common divisor of 300 and 252.
12
What is the greatest common divisor of 52 and 39?
13
Calculate the highest common divisor of 81 and 10611.
81
Calculate the highest common factor of 21 and 252.
21
Calculate the highest common factor of 4010 and 20.
10
What is the greatest common divisor of 39 and 104?
13
What is the highest common divisor of 14 and 6?
2
What is the greatest common divisor of 2021 and 86?
43
Calculate the greatest common divisor of 14 and 434.
14
Calculate the hi